List the prime factors of 2929568978.
2, 7, 29893561
What are the prime factors of 162709757?
7, 37, 16979
What are the prime factors of 3783622909?
11, 103, 439, 7607
What are the prime factors of 14448900?
2, 3, 5, 48163
List the prime factors of 264083141.
7, 31, 1216973
What are the prime factors of 219743093?
219743093
List the prime factors of 104618785.
5, 43, 431, 1129
List the prime factors of 288978275.
5, 43, 268817
What are the prime factors of 25186457?
19, 113, 11731
What are the prime factors of 130959233?
257, 509569
List the prime factors of 753300710.
2, 5, 75330071
What are the prime factors of 469642460?
2, 5, 7, 223, 307
What are the prime factors of 3832951575?
3, 5, 51106021
What are the prime factors of 28129398?
2, 3, 11, 37, 11519
List the prime factors of 252649441.
11, 19, 1208849
What are the prime factors of 109678909?
227, 483167
List the prime factors of 2423450108.
2, 23, 809, 32561
What are the prime factors of 34893007?
179, 194933
What are the prime factors of 1106953536?
2, 3, 13, 101, 4391
List the prime factors of 108545867.
17, 659, 9689
List the prime factors of 3701838946.
2, 13, 1229, 115849
List the prime factors of 115752767.
13, 23, 101, 3833
What are the prime factors of 4811208011?
23, 209182957
List the prime factors of 49897962.
2, 3, 353, 7853
What are the prime factors of 191964231?
3, 73, 292183
List the prime factors of 901799539.
61, 14783599
List the prime factors of 15359104.
2, 119993
List the prime factors of 574020984.
2, 3, 619, 38639
What are the prime factors of 108818020?
2, 5, 17, 320053
What are the prime factors of 3609713110?
2, 5, 283, 929, 1373
What are the prime factors of 821989818?
2, 3, 13, 19, 293, 631
What are the prime factors of 36696149?
7, 17, 44053
List the prime factors of 17050599.
3, 37, 51203
List the prime factors of 201559989.
3, 59, 1138757
What are the prime factors of 4959294643?
2803, 1769281
List the prime factors of 125889911.
7, 653, 27541
What are the prime factors of 237305825?
5, 9492233
List the prime factors of 95945554.
2, 19, 877, 2879
List the prime factors of 85336936.
2, 701, 15217
List the prime factors of 104325427.
337, 309571
What are the prime factors of 130159017?
3, 14462113
List the prime factors of 93531859.
241, 388099
What are the prime factors of 405100926?
2, 3, 277847
List the prime factors of 53495069.
349, 153281
What are the prime factors of 3529572410?
2, 5, 7, 13, 23, 24091
List the prime factors of 116118639.
3, 7, 13, 29, 4889
List the prime factors of 1130255753.
11, 31, 421, 7873
List the prime factors of 5246600.
2, 5, 37, 709
List the prime factors of 8210617.
59, 317, 439
List the prime factors of 57688983.
3, 11, 194239
List the prime factors of 619681590.
2, 3, 5, 11, 97, 239
List the prime factors of 42916953.
3, 19, 752929
What are the prime factors of 100396862?
2, 50198431
List the prime factors of 2319606858.
2, 3, 3323, 116341
List the prime factors of 88105.
5, 67, 263
List the prime factors of 4182572010.
2, 3, 5, 197, 707711
List the prime factors of 4906851598.
2, 11, 223038709
List the prime factors of 350852423.
19, 18465917
What are the prime factors of 82619390?
2, 5, 7, 103, 1637
List the prime factors of 4627871270.
2, 5, 11, 31, 123377
What are the prime factors of 403793504?
2, 12618547
What are the prime factors of 3540240193?
7, 73, 79, 87697
List the prime factors of 664488336.
2, 3, 13843507
List the prime factors of 2798576075.
5, 89, 1257787
List the prime factors of 34122699.
3, 13, 291647
What are the prime factors of 698040268?
2, 31, 5629357
What are the prime factors of 99496343?
99496343
List the prime factors of 1586461511.
409, 3878879
List the prime factors of 22547747.
97, 232451
What are the prime factors of 24757278?
2, 3, 7, 13, 45343
What are the prime factors of 219958110?
2, 3, 5, 523, 4673
List the prime factors of 45161596.
2, 73, 211, 733
List the prime factors of 256756526.
2, 13, 43, 179, 1283
What are the prime factors of 26417853?
3, 7, 11, 97, 131
List the prime factors of 3590689393.
67, 769, 69691
List the prime factors of 1280004084.
2, 3, 19, 1871351
What are the prime factors of 23183273?
67, 229, 1511
List the prime factors of 41593863.
3, 13864621
What are the prime factors of 1124147933?
17, 83, 149, 5347
List the prime factors of 62164584.
2, 3, 23, 43, 97
What are the prime factors of 3685873141?
37, 99618193
List the prime factors of 121278100.
2, 5, 1212781
What are the prime factors of 39224988?
2, 3, 11, 99053
What are the prime factors of 561303044?
2, 211, 665051
What are the prime factors of 18481017?
3, 6160339
What are the prime factors of 39229787?
31, 1265477
What are the prime factors of 37816263?
3, 73, 57559
What are the prime factors of 363015850?
2, 5, 2131, 3407
List the prime factors of 56346117.
3, 881, 21319
What are the prime factors of 118202620?
2, 5, 701, 8431
List the prime factors of 231576777.
3, 25730753
What are the prime factors of 1044557296?
2, 701, 93131
What are the prime factors of 227773715?
5, 13, 23, 251, 607
What are the prime factors of 77895621?
3, 937, 3079
What are the prime factors of 106755723?
3, 31, 67, 5711
What are the prime factors of 83429288?
2, 29, 43, 8363
List the prime factors of 46480778.
2, 547, 42487
What are the prime factors of 458770852?
2, 701, 163613
What are the prime factors of 40593301?
7, 29, 199967
What are the prime factors of 786417287?
786417287
List the prime factors of 1877275262.
2, 79, 11881489
List the prime factors of 3242185133.
11, 23, 97, 132113
What are the prime factors of 218124772?
2, 54531193
What are the prime factors of 31412575?
5, 43, 29221
List the prime factors of 60253174.
2, 30126587
List the prime factors of 21469250.
2, 5, 11, 37, 211
List the prime factors of 111174267.
3, 83, 137, 3259
What are the prime factors of 237861403?
13, 53, 345227
What are the prime factors of 22210461?
3, 7, 13, 47, 577
List the prime factors of 11841670.
2, 5, 197, 6011
List the prime factors of 7795153.
7795153
List the prime factors of 177705258.
2, 3, 101, 127, 2309
What are the prime factors of 15444413?
41, 163, 2311
What are the prime factors of 196716204?
2, 3, 31, 359, 491
List the prime factors of 98857527.
3, 32952509
List the prime factors of 46174201.
281, 164321
What are the prime factors of 22447834?
2, 2267, 4951
What are the prime factors of 1540666163?
1540666163
List the prime factors of 22563117.
3, 278557
List the prime factors of 45481706.
2, 19, 431, 2777
What are the prime factors of 1367350?
2, 5, 23, 29, 41
List the prime factors of 97760064.
2, 3, 17, 61, 491
What are the prime factors of 73352567?
41, 541, 3307
What are the prime factors of 22507573?
11, 186013
List the prime factors of 207316241.
11, 17, 113, 9811
List the prime factors of 35437431.
3, 83, 142319
List the prime factors of 693334678.
2, 23, 15072493
What are the prime factors of 63497865?
3, 5, 59, 157, 457
List the prime factors of 274185552.
2, 3, 5712199
What are the prime factors of 693889130?
2, 5, 11, 83, 76001
List the prime factors of 237192546.
2, 3, 39532091
What are the prime factors of 151669529?
11, 17, 811067
List the prime factors of 1522321009.
11, 59, 2345641
What are the prime factors of 41096844?
2, 3, 349, 3271
List the prime factors of 347302964.
2, 41, 2117701
List the prime factors of 567004266.
2, 3, 109, 96331
List the prime factors of 1029106864.
2, 2971, 21649
List the prime factors of 111538344.
2, 3, 4647431
What are the prime factors of 9297614773?
9829, 945937
List the prime factors of 161545491.
3, 23, 33931
What are the prime factors of 5663721?
3, 7, 269701
List the prime factors of 2670035367.
3, 10133, 87833
List the prime factors of 511756828.
2, 11, 11630837
What are the prime factors of 391950168?
2, 3, 16331257
List the prime factors of 10334892.
2, 3, 359, 2399
What are the prime factors of 895952569?
895952569
What are the prime factors of 60437729?
11, 5494339
List the prime factors of 3507937773.
3, 31, 37, 1019453
What are the prime factors of 123781984?
2, 3868187
List the prime factors of 24139733.
24139733
What are the prime factors of 1116865231?
1116865231
What are the prime factors of 20864110?
2, 5, 809, 2579
What are the prime facto